0
Convert -1011033 (base 4) to base 13.
-202b
What is -103 (base 9) in base 15?
-59
-14c2 (base 15) to base 11
-3392
-c57 (base 13) to base 11
-163a
What is 12241 (base 5) in base 4?
32302
33077 (base 8) to base 11
a485
Convert 25125 (base 6) to base 9.
5088
b150 (base 12) to base 13
898b
What is -14502 (base 6) in base 2?
-100100100110
3210 (base 6) to base 13
43b
What is 70 (base 13) in base 8?
133
2001210 (base 3) to base 4
113202
1943 (base 16) to base 15
1db2
-1301131 (base 5) to base 13
-b5bb
1081a (base 13) to base 11
20545
Convert 530 (base 8) to base 11.
293
What is 1061 (base 7) in base 11?
321
Convert 397 (base 10) to base 8.
615
Convert 320231 (base 5) to base 12.
622b
Convert -34542 (base 7) to base 13.
-404a
9a (base 11) to base 10
109
Convert 1bef (base 16) to base 14.
286b
What is -2663 (base 16) in base 8?
-23143
10a6 (base 11) to base 6
10411
-2312 (base 9) to base 7
-4664
Convert 1013053 (base 6) to base 16.
bdf9
Convert 1273 (base 8) to base 6.
3123
13412 (base 6) to base 5
31341
-253 (base 10) to base 13
-166
Convert -2ba (base 13) to base 4.
-13223
-1822 (base 14) to base 3
-12221211
Convert -100111010 (base 2) to base 8.
-472
-218 (base 13) to base 10
-359
What is 2674 (base 8) in base 10?
1468
358a (base 12) to base 11
4574
What is 4722 (base 10) in base 9?
6426
What is 1049 (base 10) in base 12?
735
Convert -744 (base 9) to base 15.
-2a7
-111110111101 (base 2) to base 7
-14514
Convert 210022 (base 3) to base 7.
1451
What is -16d4 (base 14) in base 11?
-30a3
-10432 (base 8) to base 11
-3320
What is 1537 (base 12) in base 6?
15311
194 (base 15) to base 2
101101100
Convert 5b61 (base 13) to base 8.
31173
Convert 98 (base 16) to base 4.
2120
-131200 (base 4) to base 12
-1114
Convert 1410 (base 9) to base 11.
886
-24305 (base 6) to base 7
-13256
What is -34a (base 13) in base 9?
-702
What is 5c (base 13) in base 10?
77
Convert 1267 (base 11) to base 16.
66e
What is 8a7 (base 14) in base 4?
122303
What is 389 (base 10) in base 6?
1445
What is -a1b (base 12) in base 10?
-1463
What is -12331 (base 4) in base 2?
-110111101
What is -15731 (base 10) in base 5?
-1000411
Convert 7c3 (base 15) to base 5.
24013
Convert -5053 (base 7) to base 2.
-11011011001
Convert -1693 (base 15) to base 3.
-20200010
What is -224032 (base 5) in base 7?
-32242
What is 2773 (base 11) in base 15?
10e4
What is 6384 (base 13) in base 11?
a403
What is -276a6 (base 11) in base 16?
-9a11
Convert -1454 (base 7) to base 5.
-4303
-9832 (base 10) to base 2
-10011001101000
102333 (base 5) to base 2
110110001100
-5477 (base 9) to base 15
-12e4
What is 1017 (base 8) in base 6?
2235
Convert 4c35 (base 16) to base 10.
19509
What is 7517 (base 9) in base 8?
12624
Convert -28746 (base 10) to base 11.
-1a663
-4112 (base 6) to base 16
-38c
What is 43d (base 15) in base 3?
1022111
-ec9 (base 15) to base 8
-6413
What is -802 (base 9) in base 12?
-462
What is -431 (base 10) in base 11?
-362
Convert 63c5 (base 14) to base 11.
11a3a
33214 (base 5) to base 16
905
Convert -1010001111 (base 2) to base 6.
-3011
228 (base 15) to base 2
111101000
e6b0 (base 15) to base 14
13ab3
What is 16db (base 15) in base 7?
20243
-64 (base 13) to base 16
-52
What is -7c7 (base 15) in base 8?
-3342
Convert -45a (base 16) to base 8.
-2132
Convert 296 (base 15) to base 11.
498
Convert -100101110010 (base 2) to base 8.
-4562
Convert 1024203 (base 5) to base 16.
4414
What is -1c5 (base 14) in base 6?
-1413
Convert 248 (base 13) to base 9.
482
Convert -1982 (base 14) to base 11.
-3522
What is 20012212 (base 3) in base 9?
6185
-1102010020 (base 3) to base 2
-110110010001101
Convert -2003 (base 6) to base 8.
-663
What is 39529 (base 11) in base 2?
1101110011011010
-7472 (base 8) to base 3
-12100101
Convert -23120223 (base 4) to base 10.
-46635
Convert 309 (base 11) to base 5.
2442
What is -60b4 (base 12) in base 7?
-42424
What is 51b (base 14) in base 5?
13010
201 (base 7) to base 3
10200
404 (base 8) to base 5
2020
Convert -1815 (base 12) to base 10.
-2897
What is -11200022 (base 3) in base 12?
-1b82
Convert -7714 (base 9) to base 10.
-5683
Convert 3da0 (base 15) to base 6.
141040
What is -111000011 (base 2) in base 8?
-703
What is -22656 (base 8) in base 3?
-111020021
-5e67 (base 16) to base 4
-11321213
What is -1748 (base 13) in base 3?
-11201102
Convert 8685 (base 14) to base 6.
255341
Convert 15ba (base 12) to base 14.
d30
Convert -928 (base 11) to base 12.
-793
What is -275 (base 10) in base 6?
-1135
-178 (base 12) to base 9
-282
Convert -29436 (base 10) to base 7.
-151551
Convert 192 (base 11) to base 13.
141
-2051 (base 6) to base 4
-13033
223411 (base 6) to base 2
100100111111111
-5031 (base 8) to base 5
-40320
What is 112003 (base 4) in base 10?
1411
-7cc (base 13) to base 8
-2507
Convert -62134 (base 8) to base 6.
-314540
-55 (base 12) to base 4
-1001
Convert -28073 (base 10) to base 16.
-6da9
Convert 1d6c (base 14) to base 15.
18e3
Convert 1442031 (base 5) to base 6.
355003
Convert -10101010000 (base 2) to base 6.
-10144
20 (base 12) to base 6
40
204 (base 12) to base 11
246
What is 410b (base 14) in base 9?
16305
Convert -110220120 (base 3) to base 8.
-22303
551 (base 14) to base 15
4a1
Convert -14333 (base 10) to base 7.
-56534
What is -2313 (base 6) in base 11?
-45a
Convert 152220 (base 7) to base 5.
1421420
-402203 (base 6) to base 8
-75573
What is 3616 (base 7) in base 11?
1005
Convert 5079 (base 10) to base 7.
20544
Convert -36c (base 15) to base 2.
-1100001001
What is -24271 (base 9) in base 13?
-7531
-330 (base 10) to base 3
-110020
-22768 (base 9) to base 15
-478e
What is -2120020 (base 3) in base 7?
-5310
13208 (base 11) to base 3
221220102
Convert -92 (base 11) to base 7.
-203
What is -15774 (base 10) in base 14?
-5a6a
11000000000111 (base 2) to base 12
7147
What is -13a (base 11) in base 8?
-244
Convert 8abc (base 14) to base 7.
130125
-20583 (base 10) to base 11
-14512
-2601 (base 8) to base 15
-63e
What is -152 (base 8) in base 6?
-254
Convert 2d1 (base 16) to base 12.
501
Convert 1000102 (base 3) to base 4.
23210
-656 (base 13) to base 11
-8a7
10011302 (base 4) to base 14
616a
What is 38 (base 16) in base 12?
48
What is -100001011100 (base 2) in base 5?
-32030
-221020 (base 3) to base 8
-1251
26138 (base 10) to base 14
9750
What is -43920 (base 11) in base 9?
-106302
Convert -11130322 (base 4) to base 6.
-251214
What is -1626 (base 7) in base 2?
-1010010001
Convert 1102000 (base 3) to base 13.
60c
Convert 3317 (base 12) to base 5.
140020
c14 (base 16) to base 12
1958
What is 132220 (base 4) in base 12?
1174
473 (base 8) to base 15
160
What is 11224 (base 5) in base 9?
1104
Convert 111103 (base 4) to base 2.
10101010011
Convert -b7a (base 16) to base 12.
-184a
What is -615b (base 14) in base 5?
-1013431
20663 (base 7) to base 8
12025
-121003 (base 6) to base 5
-314322
What is -338 (base 12) in base 13?
-2a8
1101111001 (base 2) to base 13
535
What is -2167 (base 13) in base 11?
-3546
What is -122102120 (base 3) in base 7?
-52020
Convert -2303 (base 12) to base 15.
-1246
What is 11222111 (base 4) in base 5?
1220224
-16bb (base 12) to base 15
-c25
What is 30803 (base 10) in base 14?
b323
Convert 10000 (base 5) to base 3.
212011
What is -4b7 (base 13) in base 15?
-3a1
Convert 1667 (base 12) to base 5.
41141
What is -553341 (base 6) in base 15?
-da11
Convert 100100110010000 (base 2) to base 13.
8758
What is -2013310 (base 4) in base 16?
-21f4
Convert 1157 (base 11) to base 14.
7a2
What is 20d (base 15) in base 4?
13033
-141 (base 8) to base 6
-241
Convert 9018 (base 10) to base 15.
2a13
What is 9ab1 (base 13) in base 14?
7c35
What is 246 (base 9) in base 14?
108
Convert -1d48b (base 14) to base 6.
-1335111
What is 9126 (base 13) in base 12?
b686
-142431 (base 6) to base 2
-11010011110011
Convert -11010110110100 (base 2) to base 6.
-143352
168 (base 9) to base 16
8f
Convert -8625 (base 10) to base 15.
-2850
-297 (base 10) to base 13
-19b
What is 1032023 (base 4) in base 3?
20212022
Convert 112000 (base 5) to base 7.
14443
Convert 13013 (base 4) to base 14.
247
What is 181 (base 13) in base 10?
274
Convert -240620 (base 7) to base 9.
-65632
1a3 (base 14) to base 8
523
What is -9a8 (base 13) in base 7?
-4560
What is -101101011011 (base 2) in base 12?
-1823
36647 (base 8) to base